400753 a composite number?
False
Is 8977256033 prime?
False
Is 1608352129 a composite number?
True
Is 7245688795 composite?
True
Is 268029679 composite?
False
Is 2683395599 composite?
False
Is 93810257179 a prime number?
True
Is 736300049 composite?
True
Is 639722371 a prime number?
False
Is 7688438987 a prime number?
False
Is 538812331 prime?
False
Is 740674273 composite?
False
Is 172209372941 prime?
True
Is 27225671393 prime?
False
Is 10723240587 a composite number?
True
Is 102764512243 a prime number?
True
Is 8472373687 a prime number?
False
Is 5286567943 prime?
False
Is 76471713793 a composite number?
True
Is 8841356605 prime?
False
Is 9394072999 a prime number?
True
Is 116586961 a prime number?
True
Is 24849011177 a prime number?
True
Is 3364217457 prime?
False
Is 3880756921 prime?
True
Is 913458571 a composite number?
False
Is 17889256499 a composite number?
False
Is 45644573851 a prime number?
False
Is 24030569 a prime number?
False
Is 131056308053 composite?
True
Is 52086403741 a composite number?
True
Is 116448081907 a composite number?
True
Is 224988582307 prime?
True
Is 88690946933 a prime number?
False
Is 72135608737 a composite number?
False
Is 105606824707 a composite number?
False
Is 3127340449 prime?
True
Is 739516177 composite?
False
Is 83718835307 a composite number?
True
Is 7713414191 a composite number?
True
Is 473625067 composite?
False
Is 169020157 composite?
False
Is 119817000287 composite?
False
Is 3932957527 a composite number?
False
Is 5023733849 a prime number?
True
Is 77905384381 a prime number?
False
Is 716622503 a prime number?
False
Is 1974247291 composite?
True
Is 29257919953 a composite number?
False
Is 623584193 composite?
False
Is 7002487309 composite?
True
Is 691148307 a composite number?
True
Is 21792138121 a prime number?
False
Is 18324588313 a prime number?
False
Is 6155720243 a prime number?
True
Is 24313019 a composite number?
False
Is 19513762321 a prime number?
True
Is 4684942019 prime?
True
Is 4693508401 prime?
True
Is 23081323029 a composite number?
True
Is 10654209289 composite?
False
Is 3206407441 composite?
True
Is 2142476911 a prime number?
True
Is 416971999 prime?
True
Is 3973913123 prime?
False
Is 4015936123 a prime number?
True
Is 3526256317 prime?
True
Is 1112028859 prime?
True
Is 10283472547 a composite number?
False
Is 6576185647 a composite number?
True
Is 661790641 composite?
False
Is 8722447807 composite?
False
Is 173078752987 composite?
True
Is 370504661 prime?
True
Is 266728937 composite?
True
Is 128355691 a prime number?
True
Is 8123540783 a prime number?
True
Is 157333207 prime?
False
Is 1030571 a prime number?
True
Is 521680021 composite?
True
Is 7659651137 prime?
True
Is 267881203 composite?
True
Is 4317100397 a prime number?
True
Is 3292416329 prime?
True
Is 2711701643 composite?
True
Is 6469450597 a composite number?
False
Is 4108103579 composite?
False
Is 8371891677 composite?
True
Is 17630819111 a composite number?
False
Is 3416921419 a prime number?
True
Is 2127117427 a prime number?
True
Is 8253038291 a composite number?
False
Is 766604203 prime?
True
Is 17976804517 composite?
True
Is 2744063417 composite?
True
Is 2505414761 a composite number?
True
Is 349372769 prime?
True
Is 13248082411 a prime number?
False
Is 14256290689 a prime number?
False
Is 1292856731 a composite number?
True
Is 2588947411 prime?
True
Is 11699538211 a prime number?
False
Is 1077229321 a prime number?
False
Is 1697641438 prime?
False
Is 1604497501 a prime number?
True
Is 333529958 composite?
True
Is 13033534 prime?
False
Is 66770773 composite?
True
Is 3824130509 a composite number?
True
Is 51757275049 a composite number?
True
Is 1046298353 prime?
False
Is 14450317913 a prime number?
True
Is 776496419 a prime number?
True
Is 1266862567 composite?
True
Is 1140274237 prime?
True
Is 2013524633 composite?
True
Is 31526568031 a composite number?
True
Is 113023211 composite?
True
Is 27292832751 a prime number?
False
Is 2583468227 a composite number?
False
Is 18541561007 a prime number?
True
Is 3259033819 composite?
False
Is 846086201 a prime number?
False
Is 1239360145 a prime number?
False
Is 1904482589 composite?
False
Is 2813340631 a prime number?
True
Is 12495372821 a composite number?
False
Is 3318597691 prime?
True
Is 51296454773 prime?
False
Is 55305891413 prime?
False
Is 1192896751 prime?
False
Is 3374200871 prime?
True
Is 1494616537 a prime number?
True
Is 559385317 composite?
False
Is 647857011 a prime number?
False
Is 130069277329 composite?
False
Is 201204023 a composite number?
True
Is 11152485541 composite?
True
Is 1352687521 a composite number?
True
Is 55650221629 a composite number?
False
Is 948460229 prime?
False
Is 6609208427 a composite number?
False
Is 223272311 composite?
True
Is 6491096647 a prime number?
False
Is 426447029 prime?
True
Is 561266711 a prime number?
True
Is 5061298885 prime?
False
Is 1113515563 composite?
False
Is 36526633061 a prime number?
True
Is 441864559 a composite number?
False
Is 237192919 a composite number?
False
Is 51666724217 prime?
True
Is 202833937 composite?
True
Is 975328139 a prime number?
True
Is 45971114153 a prime number?
False
Is 4549415383 prime?
False
Is 910311593 composite?
True
Is 7304361005 a prime number?
False
Is 31087981 a prime number?
True
Is 695925211 composite?
True
Is 7163523137 composite?
True
Is 57502174601 prime?
False
Is 3296071171 composite?
True
Is 1773813113 a composite number?
True
Is 5248868734 a composite number?
True
Is 6620272513 prime?
True
Is 17627050583 a composite number?
True
Is 5755227131 composite?
False
Is 3933531983 composite?
False
Is 397662341 composite?
True
Is 351662411 a prime number?
True
Is 287291033 composite?
False
Is 689787071 prime?
True
Is 614612561 composite?
True
Is 1944060901 composite?
True
Is 2854753621 a composite number?
True
Is 7531717321 a composite number?
True
Is 1561375373 a composite number?
False
Is 41058403237 a prime number?
True
Is 24223656961 a composite number?
True
Is 101363714917 a composite number?
False
Is 12012390823 a prime number?
True
Is 2363029859 prime?
True
Is 505573961 prime?
True
Is 79473462379 a composite number?
False
Is 23450043703 composite?
False
Is 5146972183 prime?
True
Is 29823791 a composite number?
True
Is 19989593287 a prime number?
True
Is 28342224853 a prime number?
False
Is 613568363 prime?
False
Is 58495918687 a prime number?
False
Is 54216628339 prime?
True
Is 2129187313 a prime number?
False
Is 1187655557 prime?
False
Is 5493931831 composite?
True
Is 555514107 composite?
True
Is 3616391 a prime number?
False
Is 3948242257 a prime number?
False
Is 63479223329 composite?
True
Is 564810667 composite?
True
Is 381409979 a prime number?
True
Is 72395430847 prime?
False
Is 4342443949 a prime number?
True
Is 33518751473 prime?
True
Is 8824328299 composite?
False
Is 335167193 prime?
True
Is 154817436967 composite?
False
Is 8952945451 a composite number?
False
Is 5604365737 composite?
True
Is 570059291 composite?
True
Is 828520753 a prime number?
False
Is 439948111 prime?
False
Is 5372088809 prime?
True
Is 1451721386 prime?
False
Is 789420547 composite?
False
Is 27367522223 a composite number?
False
Is 479072131 a composite number?
False
Is 10652207317 a composite number?
False
Is 18617809181 composite?
False
Is 4487171441 composite?
False
Is 9216455237 composite?
True
Is 104207282 a prime number?
False
Is 826521293 composite?
True
Is 8629808377 prime?
True
Is 3577407089 prime?
True
Is 7179220837 composite?
False
Is 2156980207 composite?
False
Is 198688937 a composite number?
False
Is 33118409 composite?
True
Is 3350761441 a composite number?
False
Is 2499874609 a composite number?
False
Is 16820863253 prime?
True
Is 709471123 a composite number?
True
Is 35447110939 composite?
True
Is 3115069949 prime?
True
Is 17855788249 composite?
True
Is 8266700677 composite?
True
Is 468553399 composite?
False
Is 5060600917 a prime number?
True
Is 396399763 prime?
True
Is 4755322597 a prime number?
True
Is 11415471037 composite?
False
Is 1584013021 composite?
True
Is 8121534143 prime?
True
Is 22054665478 prime?
False
Is 87310784623 a composite number?
True
Is 50472817 a composite number?
True
Is 36751138573 composite?
False
Is 2485364951 a composite number?
True
Is 340222189 